{"id":1413,"date":"2024-11-19T15:51:53","date_gmt":"2024-11-19T14:51:53","guid":{"rendered":"https:\/\/alternactif.com\/index.php\/cancel-payment\/"},"modified":"-0001-11-30T00:00:00","modified_gmt":"-0001-11-29T22:00:00","slug":"cancel-payment","status":"publish","type":"page","link":"https:\/\/alternactif.com\/index.php\/cancel-payment\/","title":{"rendered":"Annuler le paiement"},"content":{"rendered":"<div class=\"bpa-front-data-empty-view __bpa-is-guest-view\">\n<h4>D\u00e9sol\u00e9\u00a0! Quelque chose s\u2019est mal pass\u00e9. Votre paiement a \u00e9chou\u00e9.<\/h4>\n<\/p><\/div>\n","protected":false},"excerpt":{"rendered":"<p>D\u00e9sol\u00e9\u00a0! Quelque chose s\u2019est mal pass\u00e9. Votre paiement a \u00e9chou\u00e9.<\/p>\n","protected":false},"author":1,"featured_media":0,"parent":0,"menu_order":0,"comment_status":"open","ping_status":"open","template":"","meta":{"_et_pb_use_builder":"","_et_pb_old_content":"","_et_gb_content_width":"","footnotes":""},"class_list":["post-1413","page","type-page","status-publish","hentry"],"_links":{"self":[{"href":"https:\/\/alternactif.com\/index.php\/wp-json\/wp\/v2\/pages\/1413","targetHints":{"allow":["GET"]}}],"collection":[{"href":"https:\/\/alternactif.com\/index.php\/wp-json\/wp\/v2\/pages"}],"about":[{"href":"https:\/\/alternactif.com\/index.php\/wp-json\/wp\/v2\/types\/page"}],"author":[{"embeddable":true,"href":"https:\/\/alternactif.com\/index.php\/wp-json\/wp\/v2\/users\/1"}],"replies":[{"embeddable":true,"href":"https:\/\/alternactif.com\/index.php\/wp-json\/wp\/v2\/comments?post=1413"}],"version-history":[{"count":0,"href":"https:\/\/alternactif.com\/index.php\/wp-json\/wp\/v2\/pages\/1413\/revisions"}],"wp:attachment":[{"href":"https:\/\/alternactif.com\/index.php\/wp-json\/wp\/v2\/media?parent=1413"}],"curies":[{"name":"wp","href":"https:\/\/api.w.org\/{rel}","templated":true}]}}